e
Let v(w) = 4*w + 1. Let r(f) = 1001*f - 160. Let m(o) = -r(o) + v(o). Is m(-6) a prime number?
True
Let q be (-5 - (-6 - 0)) + -2. Is (4267/(-102))/(q/6) a composite number?
False
Let u = 35 - 30. Suppose 5*k + u = -0. Is 572/3 + k*(-2)/6 composite?
False
Let z(v) = 370*v**2 + 36*v - 269. Is z(-22) a composite number?
True
Is (21*12/168*-2)/((-2)/103498) a prime number?
False
Let i = 98 + -94. Suppose o + i*t = 2*o + 10, 0 = 4*o + 2*t - 50. Suppose -o*v + 36596 = -4914. Is v prime?
False
Suppose 6*l + 102*l - 30207128 = 15873988. Is l composite?
True
Let h(j) = j**3 - 21*j**2 + 2. Let u be h(21). Suppose -2*d + u*p = -9554, 4*d - 4*p - 23885 = -d. Is d prime?
False
Let m(t) = -t**3 + 21*t**2 + 11*t - 55. Let r(p) = p**3 - 32*p**2 - 16*p + 82. Let k(g) = 8*m(g) + 5*r(g). Is k(-8) a prime number?
False
Suppose 0 = 288*s - 264*s - 149496. Is s prime?
True
Suppose 0 = -15*v - 185 + 14690. Is v a composite number?
False
Let d = -247023 + 454564. Is d prime?
True
Suppose -2*v - 160137 = -c, 5*c = 5*v + 392894 + 407801. Is c prime?
True
Is 2 + (-15)/12 - 2651720/(-160) prime?
False
Let b be -4*((-2)/(-4) - 6). Suppose b*t - 5*t - 78319 = 0. Is t a composite number?
True
Suppose -136*r = -137*r + 559. Suppose -4*s + 2*s + 8 = 0. Suppose -3*i + 6661 = m, -r = -s*i - 4*m + 8333. Is i a prime number?
False
Let s(d) = -d**3 - 29*d - 3. Let b be s(-13). Suppose 0 = 4*j - 11575 + b. Is j prime?
True
Let r(z) = 24*z**3 + 6*z**2 - 13*z + 279. Is r(10) a composite number?
False
Suppose -5*b - b + 302862 = 0. Suppose 0 = 4*q + 3*q - b. Suppose -2*h + 5*u + q = 2*u, -3*h + 10816 = -5*u. Is h a composite number?
False
Let r = 51621 - -26140. Is r a composite number?
False
Let y(s) be the second derivative of 197*s**4/2 + s**3/2 - 4*s**2 - 7*s. Let j be y(-2). Suppose -2*f - i = -j, -4*f + 13064 = -4*i + 3612. Is f a prime number?
False
Suppose -4*p + 108 = 64. Suppose 9*x + p*x - 174700 = 0. Is x composite?
True
Let h(g) = -10*g - 6. Let d(q) = -1. Let w be -1 - (2/(-3) - (-32)/(-24)). Let c(i) = w*h(i) - d(i). Is c(-2) a composite number?
True
Let w be 6/(-1 + (-9642)/(-9638)). Suppose 23*g - w = 16846. Is g composite?
False
Let l(j) = j**3 + 27*j**2 + 54*j + 55. Let g be l(-25). Is 4856/1 - g/9 composite?
False
Let q = -227 + 632. Suppose -6*j - 3*j + q = 0. Suppose -50*p = -j*p - 8465. Is p a composite number?
False
Let f(t) = -189*t**2 + 3. Let h(b) = 378*b**2 - 6. Let z(q) = 5*f(q) + 3*h(q). Let u be z(-3). Let y = 2813 - u. Is y a composite number?
True
Let d(z) = -893*z**3 + 2*z**2 + 3*z + 1. Let i be 1*(2 + -1) - 2. Let v be d(i). Let t = -124 + v. Is t a prime number?
True
Suppose r = 2*x + 7312, 0 = 5*r + 18*x - 14*x - 36546. Let n = r + -1707. Is n composite?
True
Suppose -3*o - 5*q = -7204 - 28517, 0 = 4*o + q - 47594. Is o a composite number?
False
Let t = -483278 - -816265. Is t a composite number?
False
Let i = 49 + -46. Suppose 0 = i*k - k - 392. Is 4/(-2 + k/97) prime?
False
Let w = 121 + -121. Suppose -3*u + 4*q + 0*q = 15, w = -4*q - 12. Is (-9)/(-6)*(-15186)/u a prime number?
True
Is -1151339*(113/(-7) + 16) a composite number?
False
Suppose 0*u - u = -5*x - 136977, -4*u = x - 547950. Is u prime?
True
Let o(f) = -422*f + 48 - 3 - 141*f. Let z be ((-16)/14)/4 - 164/14. Is o(z) a prime number?
False
Let x(c) = -1015*c**2 - 2*c + 15. Let y(r) = 339*r**2 + r - 5. Let u(g) = -6*x(g) - 17*y(g). Suppose 2*w + 4 + 0 = 0. Is u(w) a prime number?
False
Is 8/(-32) - (-4377807)/12 composite?
True
Let o = -384 - -179. Suppose -4*j + 141 + 1443 = 0. Let h = j + o. Is h prime?
True
Suppose -53*w + 414462147 = -34*w + 102*w. Is w a prime number?
False
Is ((-3431814)/24)/(7/(-28)) a composite number?
False
Suppose 5873 = 2*p - 2859. Let w = p + 5695. Is w a prime number?
True
Let j = 7465 + 36424. Is j prime?
True
Let u = -111 + 113. Let k be 573/4*8/2. Suppose -k = -3*o - n, o + u*n + 573 = 4*o. Is o composite?
False
Let b be 32409/(-18) + -4 + 13/2. Let m be (1924/(-6))/(12/(-162)). Let h = m + b. Is h a prime number?
True
Let n(b) = 1908*b - 6. Let q be n(17). Suppose 5*k = -5*w + q, 3*k - 2*k - 6480 = w. Is k a composite number?
True
Let g be 4 + -110*(-4 - -1 - -4). Let s = g + 452. Is s composite?
True
Let x(h) = 775*h**2 + 26*h + 16. Let w(r) = 388*r**2 + 14*r + 7. Let b(g) = -5*w(g) + 3*x(g). Is b(-2) a prime number?
False
Let b be 1334/(-1 + 0 + (-18)/(-14)). Let m = b + -2276. Is m prime?
True
Suppose -138*t + 3761145 = -2120038 - 2312015. Is t a prime number?
False
Let p(l) = 242*l**2 + 9. Suppose 13*d = d + 48. Is p(d) prime?
True
Let s(b) = 11*b**3 + 15*b + 3. Let u be s(7). Suppose -u = -2*a - 355. Is a a prime number?
False
Suppose -12*q + 38 = -1426. Suppose -q*o + 130*o - 128264 = 0. Is o prime?
True
Suppose -3*p - 5 = -5*a + 11, 5*p = 3*a. Suppose -x - p*y = -8564, -2*x + 3*y + 3862 = -13257. Is x prime?
False
Let q(t) = 5*t + 14*t**2 + 9*t + 0*t**2 - 6*t**2 + 93. Is q(35) a prime number?
False
Suppose -19*i = -37*i - 162. Let k(b) = -158*b + 51. Is k(i) a composite number?
True
Let j(d) = 4090*d - 4036*d + 11*d**2 + 5 + d**2 + 0*d**2. Is j(17) a prime number?
True
Suppose 4*j + 67 = 87. Suppose -2092 = -j*i + n - 2*n, n = -4*i + 1673. Is i composite?
False
Suppose 1420953 = -402*c + 459*c. Is c a prime number?
False
Let r be 6/69 + (-162562)/(-23). Let l = r - -7286. Is l prime?
False
Let t = 1474532 - 511165. Is t prime?
True
Let s = -47 - -68. Let l be -4 + (-11 - -18 - 17). Let j = s + l. Is j a composite number?
False
Let v be (12 + 8 + -6)*4/14. Suppose 0 = -v*a + 1143 - 75. Is a prime?
False
Let p(y) = -y**2 - 14*y + 153. Let v be p(-21). Suppose -v*q = -815 - 1411. Is q a prime number?
False
Suppose 1011*h - 1030*h + 1897226 + 1824551 = 0. Is h a prime number?
True
Suppose -2*t + u = -19499 - 63229, 4*u = -3*t + 124103. Is t prime?
False
Let z(i) = -2*i**3 - 11*i**2 - 17*i - 31. Let a be z(-5). Suppose a*u - 27*u = 2*d - 24650, d = 2*u + 12327. Is d a prime number?
True
Is (224330/30)/(4/12) composite?
False
Let o(g) = 2*g - 32. Let w be o(17). Suppose v + j = 4000, -3*v + 12007 = -6*j + w*j. Is v prime?
True
Let w(m) = 1200*m**2 - 6*m - 7. Let c be w(3). Suppose -2*b + 2031 + c = 0. Is b composite?
True
Let z = -2000 - -3608. Let m = 467 - z. Let o = 2340 + m. Is o prime?
False
Let a be 29/9 - -3*2/(-27). Suppose w - a*r - 137 = 0, 0 = -w - 6*r + r + 169. Is w a composite number?
False
Let d(i) = -4902*i + 2611. Is d(-23) a composite number?
True
Suppose -5*k - 37822 - 150297 = -6*k. Is k a prime number?
False
Let r(t) = -26*t**3 - 2*t**2 - t + 1. Let y be r(2). Suppose 4*z = 4*b + 1596, 5*b - 7*z = -5*z - 1986. Let o = y - b. Is o a prime number?
True
Let l(z) = -z**3 + 13*z**2 + 7*z + 6. Let k be 43 - (-8 + (1 - -3)). Suppose k*r - 44*r = 24. Is l(r) a prime number?
False
Suppose -106*g = -104*g - 2*h - 1079806, -3*g = h - 1619685. Is g a composite number?
False
Suppose 0*c - 4*c = -5*s - 25, 5*c - 10 = 2*s. Let z(j) = -9141*j + 2. Is z(s) a prime number?
True
Let d be (-30)/240 - (-114)/16. Suppose d*u - 137646 = 74699. Is u composite?
True
Suppose 3 = -2*b + 13, -2*o = 4*b - 12. Is 2*-2 - o/(24/8886) prime?
False
Let g(q) be the first derivative of q**4/2 - q**3/3 + q**2 - 8*q - 6. Let d be g(0). Is (-10)/80 + 473*(-1)/d a composite number?
False
Suppose -q - 11 = -5*t + 10*t, 3*t = 2*q - 17. Suppose q*m + 743 = 3*g - 2*g, -g + 2*m = -741. Is g a prime number?
True
Let s(t) be the second derivative of 2*t**3/3 - 4*t**2 + 41*t. Let c be s(2). Suppose c = x + 5*l - 2178, -4*l + 2038 - 8667 = -3*x. Is x a composite number?
False
Is (33204 - 20*4/(-10)) + (1 - 2) composite?
False
Suppose 10*x = 4770651 + 2826559. Is x a composite number?
True
Suppose 2*q + 5*g = 49508, 49502 = 2*q + 9*g - 7*g. Is q composite?
False
Let s be 0 + (2 + -39)*17. Let r = s + 1034. Let c = r + -204. Is c prime?
False
Suppose 6*m = m + 50. Let k be (-2)/m - 712/40. Is ((-2676)/k)/((-4)/(-6)) a composite number?
False
Let t = 507 + -504. Suppose -2*s - 30719 = -t*q - 0*s, -5 = -s. Is q a prime number?
True
Suppose 10*o - 5*o + 6 = -p, 4 = -p - 4*o. Is p*(-5 + 11538/24) a composite number?
True
Let i = -105326 - -289717. Is i a composite number?
True
Is (-10)/(-14)*54552/60 + (-51)/119 a prime number?
False
Let u = -6 - -9. Suppose -5*c + 948 = -c - u*